
In base 7, what is -100536 - 3?
-100542
In base 10, what is 1 + -1003?
-1002
In base 8, what is 17 + 1054?
1073
In base 10, what is -4 + -1257902?
-1257906
In base 3, what is -1002210122 - 11?
-1002210210
In base 7, what is -206 - 322?
-531
In base 16, what is d8c4 - -a?
d8ce
In base 2, what is -111110011 - -10000111101?
1001001010
In base 8, what is -1464554 - -2?
-1464552
In base 5, what is -432244141 + 10?
-432244131
In base 12, what is -2 + -61b549?
-61b54b
In base 16, what is -1379c + -3?
-1379f
In base 3, what is 200211 - 11111?
112100
In base 14, what is -115 + -497?
-5ac
In base 13, what is -313 + 37?
-2a9
In base 15, what is -3 + 3803?
3800
In base 5, what is -3 - 201423?
-201431
In base 5, what is -234314 + -2?
-234321
In base 13, what is 4b5b - 0?
4b5b
In base 8, what is -242 - 7630?
-10072
In base 11, what is -a8 + 1925?
1828
In base 9, what is 32 - 4?
27
In base 7, what is 5 - -5632001?
5632006
In base 2, what is 0 + 11111010110101?
11111010110101
In base 16, what is -1 + 2b4e?
2b4d
In base 9, what is 2264141 - 1?
2264140
In base 12, what is 11 - -19a?
1ab
In base 2, what is -100011000 + 100001?
-11110111
In base 15, what is 7bd9 - -5?
7bde
In base 12, what is -5 - 4206?
-420b
In base 14, what is 2d - c7cd?
-c7a0
In base 13, what is c0715 + 5?
c071a
In base 15, what is e8e + -1a?
e74
In base 12, what is 147 - 604?
-479
In base 11, what is 2 - -12191?
12193
In base 3, what is 122222 - 122112?
110
In base 2, what is -1010100 + -1001110?
-10100010
In base 14, what is 1663 - bb?
1586
In base 13, what is 0 + 2938?
2938
In base 5, what is 4 + 1223432?
1223441
In base 7, what is -5 - -363046?
363041
In base 12, what is -2155 + -140?
-2295
In base 7, what is -203 + -160?
-363
In base 2, what is -10011111111 - 100001?
-10100100000
In base 12, what is 15 + -58?
-43
In base 16, what is -13fbf - 0?
-13fbf
In base 16, what is 191 - 1aa?
-19
In base 7, what is 636 - 2304?
-1335
In base 12, what is 5041 + -44?
4bb9
In base 12, what is -7a + 13b0?
1332
In base 2, what is 101 + -10001010100001?
-10001010011100
In base 10, what is -64 - -5618?
5554
In base 7, what is -6653 + 241?
-6412
In base 11, what is -21 - 176a?
-1790
In base 10, what is -3 + 4789?
4786
In base 3, what is -1101122 + -2002?
-1110201
In base 16, what is -8 - -637c?
6374
In base 5, what is -12 + -233041?
-233103
In base 2, what is -10 - -1011110101110?
1011110101100
In base 8, what is 12 - -15377?
15411
In base 3, what is 12 - 10010101002?
-10010100220
In base 15, what is -5 + -24350?
-24355
In base 7, what is 21 + 1051?
1102
In base 11, what is 5119 - -15?
5133
In base 16, what is -15f7e + -7?
-15f85
In base 9, what is 237 + -434?
-186
In base 6, what is 4010 - -3115?
11125
In base 14, what is -138 - -2a1?
167
In base 2, what is -1100111110011 + 101?
-1100111101110
In base 4, what is -10 + -1033010233?
-1033010303
In base 14, what is 7aa + -9a?
710
In base 2, what is 101011000101 - -10001?
101011010110
In base 12, what is 2a99 - a?
2a8b
In base 6, what is -2212 - 20?
-2232
In base 5, what is -43001 - 40232?
-133233
In base 9, what is -166 - -756?
580
In base 16, what is -15a3f - -1?
-15a3e
In base 9, what is -1350738 + -4?
-1350743
In base 5, what is 2 + 2141410?
2141412
In base 14, what is 5d + -3ba?
-35b
In base 5, what is -2 + -1421122?
-1421124
In base 7, what is 12263 - 406?
11554
In base 2, what is -101 - -11101001010?
11101000101
In base 5, what is -2043410 + 3?
-2043402
In base 4, what is 103103 + 2?
103111
In base 13, what is 19484 + -4?
19480
In base 16, what is -bbf35 - 9?
-bbf3e
In base 3, what is 11 + -1222202220?
-1222202202
In base 5, what is 113 + 333414?
334032
In base 6, what is 5 + 23152?
23201
In base 14, what is -4 + -608d7?
-608db
In base 2, what is -1101100110 - 1001001?
-1110101111
In base 15, what is -1c + -2cd?
-2ea
In base 11, what is 1 - 2a185?
-2a184
In base 9, what is -3 - 142056?
-142060
In base 14, what is dda4 - -4?
dda8
In base 2, what is -1001101011 - -11000?
-1001010011
In base 7, what is 215530 - 5?
215522
In base 13, what is -24 + 2783?
275c
In base 9, what is -1171567 + -4?
-1171572
In base 12, what is 2478 - -4?
2480
In base 14, what is 3dd - 3d?
3a0
In base 10, what is -5 - -8999?
8994
In base 13, what is 160963 - -4?
160967
In base 9, what is 338 + 38?
377
In base 11, what is 1 - 69079?
-69078
In base 10, what is 4 + 11002?
11006
In base 12, what is -276 + 5a?
-218
In base 14, what is -1 - -11851?
11850
In base 5, what is 13 + -134003?
-133440
In base 9, what is -3 - -11723?
11720
In base 11, what is 4 - 94650?
-94647
In base 5, what is 103 - -1224243?
1224401
In base 15, what is 3a + -26?
14
In base 5, what is 1302221 + -10?
1302211
In base 11, what is 551 - -4?
555
In base 3, what is 201022002110 + 22?
201022002202
In base 7, what is -14 + 1111216?
1111202
In base 10, what is -178 + 3630?
3452
In base 4, what is -333013230 + 3?
-333013221
In base 4, what is 11 - 213033002?
-213032331
In base 13, what is -4b - 18b4?
-1932
In base 4, what is 1101000131 + 1?
1101000132
In base 4, what is -10022020221 - 11?
-10022020232
In base 7, what is 63142 - 2?
63140
In base 9, what is -5 - 1641627?
-1641633
In base 4, what is 1 - 1313202?
-1313201
In base 12, what is -110 - -964?
854
In base 6, what is -10350141 - 1?
-10350142
In base 5, what is -3300 - -1430?
-1320
In base 10, what is -25647 + 21?
-25626
In base 3, what is -211211020 - 110?
-211211200
In base 15, what is 1208 - 154?
10a4
In base 12, what is -1 + 8372b?
8372a
In base 5, what is 1 + -4334244?
-4334243
In base 13, what is 5a88 + 9?
5a94
In base 6, what is 514015 + -4?
514011
In base 14, what is 9 + -1907?
-18dc
In base 7, what is 1356163 - 52?
1356111
In base 14, what is 17d + 32?
1b1
In base 4, what is 10 + 1212213333?
1212220003
In base 11, what is 876 + 29?
8a4
In base 9, what is 0 - 2238684?
-2238684
In base 7, what is 213223 + -6?
213214
In base 10, what is 2 + -774?
-772
In base 15, what is 1ee8 + -5?
1ee3
In base 3, what is 10 + -2001020?
-2001010
In base 9, what is 20 - 787?
-767
In base 13, what is -104c + -17?
-1066
In base 15, what is 726 + 89?
7b0
In base 15, what is -ce - -63e?
560
In base 16, what is -3a1 + 8?
-399
In base 2, what is -10000111100000 - -11000011?
-10000100011101
In base 15, what is -812a + 75?
-80a5
In base 12, what is -29 + 26a2?
2675
In base 12, what is -12315 - 0?
-12315
In base 16, what is 4 + -20f36?
-20f32
In base 7, what is 451653 - 2?
451651
In base 14, what is 9cd + 0?
9cd
In base 2, what is 101101101101 + 11001110?
110000111011
In base 15, what is 3 - 5c45a?
-5c457
In base 9, what is -2 - 8656?
-8658
In base 4, what is 3 - 23203203?
-23203200
In base 7, what is 1326 + -2?
1324
In base 11, what is 93 + 1426?
1509
In base 10, what is -1724 - 443?
-2167
In base 13, what is -112c - -b?
-1121
In base 16, what is 1 - -77756?
77757
In base 2, what is -11001100100000010111 - 100?
-11001100100000011011
In base 14, what is 0 + 185d9?
185d9
In base 5, what is 0 - 410044420?
-410044420
In base 4, what is 11330103 + 3?
11330112
In base 6, what is -1225 - 32?
-1301
In base 11, what is -53347 - 17?
-53363
In base 4, what is -101 - -11021220?
11021113
In base 11, what is 3 + -14627?
-14624
In base 16, what is 4 - c1a?
-c16
In base 8, what is 51041 - 2?
51037
In base 2, what is -101101100 + 101011011111?
100101110011
In base 6, what is 5 + -35532355?
-35532350
In base 15, what is -3c5 + -21?
-3e6
In base 12, what is -6 + b8?
b2
In base 10, what is 167 - 38?
129
In base 7, what is -356 + 3545?
3156
In base 10, what is 15697 + 14?
15711
In base 7, what is 210006 + -36?
206640
In base 14, what is d2c - 8?
d24
In base 6, what is -1015 - -1?
-1014
In base 3, what is 200 + -1002112?
-1001212
In base 13, what is 15618 - -12?
1562a
In base 11, what is -4 + 3a0960?
3a0957
In base 13, what is -3 + 126b?
1268
In base 11, what is 5 - -4697?
46a1
In base 4, what is -210 - -2101221?
2101011
In base 6, what is 3 + 12421?
12424
In base 7, what is 5 + -1134166?
-1134161
In base 15, what is 4 + -46710?
-4670b
In base 7, what is 1360 - -60?
1450
In base 11, what is -145 + 4481?
4337
In base 7, what is -4 - -41236?
41232
In base 6, what is -105215423 - 4?
-105215431
In base 5, what is -3033102 - -11?
-3033041
In base 14, what is 18aa + 13?
18bd
In base 8, what is -1411 + -37?
